r + 601. What is the remainder when 8038 is divided by k(-2)?
184
Let s = -29872 - -36517. Calculate the remainder when s is divided by 50.
45
Let u = 3310 - 3291. Calculate the remainder when 3050 is divided by u.
10
Let m = -6267 + 6358. What is the remainder when 1614 is divided by m?
67
Suppose 0 = -7*j + 2011 - 737. Let p = -171 + j. What is the remainder when 52 is divided by p?
8
Let q(n) = 9*n - 24. Let i = -57 - -62. Let c be q(i). Suppose -c*o - 50 = -22*o. Calculate the remainder when 246 is divided by o.
46
Let t(k) = -2*k**2 + 67*k + 685. What is the remainder when t(37) is divided by 13?
10
Suppose -18*b - 53*b = 3*b - 17834. Calculate the remainder when b is divided by 68.
37
Suppose 2*n - 180 = -4*n. Let r be -1 - -98 - (2 + (-1)/(-1)). Suppose -4*x + r = 5*z, 71 = 5*z - 2*x - 17. Calculate the remainder when n is divided by z.
12
Let a(i) = 33*i + 2142. Calculate the remainder when a(13) is divided by 33.
30
Let s = -76 + 77. Suppose w = 2*q + 77 + s, 4*w + q = 267. Let h = -58 + w. What is the remainder when 29 is divided by h?
9
Suppose 3*f = 0, -3*l + 4*f + 63 = -f. What is the remainder when 566 is divided by l?
20
Let z(s) = s**3 + 35*s**2 + s + 39. Let j be z(-35). Suppose 2*x - 4 = 0, 8*w - j*w = x + 462. What is the remainder when w is divided by 56?
4
Let t = 313 + 237. Suppose -97*r = -125*r + 644. Calculate the remainder when t is divided by r.
21
Suppose -3*h + 534 = -2*t, -4*t - 356 = -2*h - 5*t. What is the remainder when h is divided by 41?
14
Let f(o) = 4 - 20*o**2 + 9*o**2 + 9*o**2 - 10*o. Suppose 3*d + 2*a = 25, 2*d + a + a = 16. Calculate the remainder when d is divided by f(-5).
1
Let d(v) = -v**3 - 2*v + 1. Let i be d(1). Let l(n) = -n**3 - n**2 + n. Let a be l(0). What is the remainder when -4 - (a + 60)/i is divided by 7?
5
Let s = 22 - 0. Let z = -33260 - -33324. Calculate the remainder when z is divided by s.
20
Suppose -62511 = -29*k - 61699. What is the remainder when k is divided by (-92)/(-16) - 1/(-4)?
4
Let t(h) be the third derivative of 0 + 11*h**2 - 1/6*h**4 + 1/30*h**5 - 17/6*h**3 + 0*h. Calculate the remainder when 88 is divided by t(5).
10
Let u(l) = l**3 + 19*l**2 + 19*l + 25. Let r be u(-18). Suppose r*k - 9 = 6*k. Calculate the remainder when 107 is divided by k.
8
Suppose -142*j = 31*j - 54322. What is the remainder when j is divided by 86?
56
Suppose 4*f + 76 = 3*p, -3*f - 3*p - 46 = 32. Let v be 8/(-44) - 48/f. Suppose -40 = -3*y + v. What is the remainder when 49 is divided by y?
7
Let w(s) be the third derivative of s**5/20 + 2*s**4/3 + 7*s**3/3 + 91*s**2. What is the remainder when w(-10) is divided by 31?
30
Suppose 0 = -4*v - h + 42, -3*v + 56 = 2*v + 3*h. Let k be (-54)/v - (-6)/15. Calculate the remainder when 113 is divided by ((-6)/(-8))/(6*k/(-1560)).
35
What is the remainder when 656 is divided by (-4*470/(-90))/(4/18)?
92
Suppose -3113 - 2347 = -30*u. Calculate the remainder when 1276 is divided by u.
2
Let x(q) = 11*q**2 + 4*q + 8. Let r be x(-2). Suppose r*c - 38*c - 204 = 0. What is the remainder when 73 is divided by c?
5
Let k be 5 - 0/2 - (44 + -39). Suppose k = -2*m + 55 - 11. Suppose 118 = o + 33. Calculate the remainder when o is divided by m.
19
Calculate the remainder when (-4)/(-6) + (2615/15 - -3) is divided by 18.
16
Suppose -2*q + 5*q = -t + 6, -3*q = -9. Let k be -2 - 3/(t - 0). What is the remainder when (-10)/15*(k + -92) is divided by 22?
18
Suppose 63*o - 21310 = 3449. Calculate the remainder when o is divided by 57.
51
Let q(o) = -16*o**2 + 72*o - 9. Suppose 9*w - 388 = 116. What is the remainder when w is divided by q(4)?
10
Let m = 7365 + -7102. Calculate the remainder when 736 is divided by m.
210
What is the remainder when 710 is divided by (-132)/(3/7 + 621/(-567))?
116
Let y be ((-6)/(-5))/((-216)/126000). Let m = -409 - y. What is the remainder when m is divided by 21?
18
Let f = 2561 + -2513. What is the remainder when f is divided by 37?
11
Suppose 84 + 35 = 17*v. Suppose 2*m + v*j = 4*j + 171, 395 = 5*m + j. Calculate the remainder when 154 is divided by m.
76
Suppose -132*i - 56*i + 19886 = -17714. What is the remainder when 678 is divided by i?
78
Let a(z) be the third derivative of z**5/60 + z**4/24 + 2*z**3/3 - 7*z**2 + 1. Let o = 2 - -1. Calculate the remainder when 61 is divided by a(o).
13
Suppose -3*w - 964 = -4*o + 1285, -4*o + 2*w + 2242 = 0. Calculate the remainder when o is divided by 41.
24
Let h(o) = -o**3 + 27*o**2 + 60*o - 44. Let z(p) = 2*p**3 - 12*p**2 + 49. Calculate the remainder when z(8) is divided by h(29).
11
Suppose -4*f + 2494*z + 180 = 2489*z, -2*z = 8. What is the remainder when 101 is divided by f?
21
Let h = 13 + -8. Suppose -4 = h*u - 29. Calculate the remainder when ((900 - -20)/(-8))/(-5) is divided by u.
3
Let m(u) = 0 + 0*u**2 + 0*u**2 - 9*u**2 + 23 + u**3. Calculate the remainder when 82 is divided by m(9).
13
Let d be 7*(-14)/(-147) + (-1160)/(-6). Let v = 232 - d. What is the remainder when 148 is divided by v?
34
Suppose -2*y = 6*f - 10*f - 948, -4*f = -3*y + 1410. Calculate the remainder when 963 is divided by y.
39
Let s(c) = 9*c**2 - 3*c + 3. Let p(q) = 11*q - 33. Let k(t) = 14*t - 34. Let f(n) = 4*k(n) - 5*p(n). Calculate the remainder when s(2) is divided by f(-12).
16
Let n(h) = -16*h + 1. Let p be n(-2). Let o be (33/2)/(159/212). Let d = p - o. What is the remainder when 63 is divided by d?
8
Let w be (-6)/8*13/((-39)/108). Suppose 23*r + w*r = 7650. What is the remainder when r is divided by 40?
33
Let j = 7 + 83. Suppose 3*z = 3*g + 93, -2*g = -3*z - 0*g + j. Let o(v) = -v**2 + 6*v + 8. What is the remainder when z is divided by o(6)?
4
Let k(o) = 10*o + 110. Let l be k(4). Suppose 5*z - 264 = -2*d, 7*d - 4*d = 3*z - l. What is the remainder when z is divided by 12?
4
Suppose z - 236 = -y, -3*y + 4*z + 462 = -295. What is the remainder when 627 is divided by y?
141
What is the remainder when 827/4 + (29 + -7)/88 is divided by 102?
3
Let u(z) = 115*z - 16. Let r be u(-2). Let s = r - -274. Calculate the remainder when s is divided by 3*(0 - (-20)/6).
8
Let l = 8013 - 7991. Calculate the remainder when 96 is divided by l.
8
Suppose -3*s - i = -537, 2*i + 166 = s - 2*i. Let k = 213 - s. What is the remainder when k is divided by 10?
5
Let y = -3229 + 8473. What is the remainder when y is divided by 53?
50
Suppose -16*h + 17*h - 3 = 0. Suppose 5*b = 5*g - 0*g - 30, 4*g + 5*b = -h. Suppose 7*x = -g*x + 100. Calculate the remainder when 17 is divided by x.
7
Let g(j) = -24*j**3 + j**2 - j - 2. Let q(u) = 3*u + 14. Let y be q(-5). What is the remainder when 167 is divided by g(y)?
23
Suppose 5*k = 5*g, -34*g + 3*k - 10 = -33*g. Suppose -g*p + 258 = o - 4*p, 0 = -2*p. What is the remainder when o is divided by 24?
18
Suppose -5*a + 105 = 5*t, 51 = -3*a + 2*t + 99. Calculate the remainder when 539 is divided by a.
17
Let c(t) = 571*t + 8052. Let i = -238 + 442. What is the remainder when i is divided by c(-14)?
30
Suppose 3*g - 3*m - 213 = 159, 3*m = -3*g + 414. Calculate the remainder when g is divided by 51.
29
Let f = 15 - -13. Suppose 10 = -2*b - 14. Calculate the remainder when (b/4 - -4)/(1/81) is divided by f.
25
Suppose 25*b + 5*b = 1620. Suppose b = 7*m - 6*m + 2*n, m - 53 = -n. Calculate the remainder when m is divided by (-1 + -1)/(1/(-7)).
10
Let a(n) = -11*n**2 + 10*n - 9. Let d be a(8). Let c = d + 648. What is the remainder when 22 is divided by c?
7
Suppose 0 = -n + 4, q = 2*q - 2*n - 289. What is the remainder when 3253 is divided by q?
283
Let r = -21 + 72. Let y = 51 - r. Suppose y = 7*l - 5*l - 354. What is the remainder when l is divided by 18?
15
Let j(a) = 36*a - 16. Let v(n) = -2*n**2 + 27*n + 67. Calculate the remainder when j(2) is divided by v(15).
12
Let c be (17 + -11)*1*-2. Let w be ((-8)/24)/(2/c). Let u(a) = 7*a**2 - 4*a + 2. What is the remainder when 40 is divided by u(w)?
18
Calculate the remainder when 293 is divided by (-48)/(-44)*(-8 + 2 - -17).
5
Let p(l) = -7*l - 2. Let b be p(-5). Suppose 2*i = 4*y + 31 - 5, 2*i - 10 = -4*y. What is the remainder when (-103)/(-4) + b/(-44) is divided by i?
7
Suppose 8 = -4*c, 0 = 4*j - 2*c - 1091 + 271. Suppose -5*i = -141 - j. What is the remainder when i is divided by 35?
34
Let k(s) = 5*s + 2*s - s - 1. Suppose 1128*n + 5